emainder when 331318 is divided by 330.
328
What is the remainder when 121107 is divided by 137?
136
What is the remainder when 7196 is divided by 1476?
1292
Calculate the remainder when 22129 is divided by 21.
16
Calculate the remainder when 783 is divided by 95.
23
Calculate the remainder when 416285 is divided by 83255.
10
What is the remainder when 152631 is divided by 11?
6
Calculate the remainder when 69428 is divided by 78.
8
What is the remainder when 28448 is divided by 694?
688
Calculate the remainder when 5627 is divided by 4.
3
What is the remainder when 53464 is divided by 3341?
8
Calculate the remainder when 5265 is divided by 418.
249
What is the remainder when 898076 is divided by 251?
249
What is the remainder when 197273 is divided by 42?
41
What is the remainder when 182547 is divided by 280?
267
What is the remainder when 20548 is divided by 25?
23
What is the remainder when 292 is divided by 155?
137
What is the remainder when 4468875 is divided by 9?
6
Calculate the remainder when 3262 is divided by 11.
6
Calculate the remainder when 5811 is divided by 819.
78
What is the remainder when 319575 is divided by 399?
375
What is the remainder when 1385 is divided by 678?
29
What is the remainder when 1166437 is divided by 17?
16
What is the remainder when 2147 is divided by 181?
156
Calculate the remainder when 4377 is divided by 153.
93
What is the remainder when 475 is divided by 70?
55
What is the remainder when 1476 is divided by 949?
527
Calculate the remainder when 55387 is divided by 58.
55
What is the remainder when 33660 is divided by 2588?
16
Calculate the remainder when 2252238 is divided by 57.
54
Calculate the remainder when 6204 is divided by 1053.
939
What is the remainder when 905 is divided by 175?
30
Calculate the remainder when 1210 is divided by 605.
0
What is the remainder when 109468 is divided by 72?
28
Calculate the remainder when 10005 is divided by 132.
105
Calculate the remainder when 1067 is divided by 468.
131
Calculate the remainder when 11566 is divided by 481.
22
Calculate the remainder when 42791 is divided by 2669.
87
What is the remainder when 5625 is divided by 1401?
21
What is the remainder when 4001 is divided by 70?
11
Calculate the remainder when 16065 is divided by 2574.
621
What is the remainder when 2104 is divided by 1859?
245
What is the remainder when 4028 is divided by 1904?
220
Calculate the remainder when 366121 is divided by 6423.
10
Calculate the remainder when 3313 is divided by 2237.
1076
What is the remainder when 327216 is divided by 41?
36
Calculate the remainder when 211494 is divided by 143.
140
What is the remainder when 426626 is divided by 106654?
10
What is the remainder when 691 is divided by 118?
101
What is the remainder when 2352 is divided by 282?
96
What is the remainder when 47877 is divided by 647?
646
What is the remainder when 21502 is divided by 21?
19
Calculate the remainder when 16610 is divided by 248.
242
Calculate the remainder when 389295 is divided by 21.
18
Calculate the remainder when 568 is divided by 27.
1
What is the remainder when 4740 is divided by 3939?
801
Calculate the remainder when 1855 is divided by 1835.
20
Calculate the remainder when 1647 is divided by 271.
21
Calculate the remainder when 2770 is divided by 117.
79
What is the remainder when 842 is divided by 528?
314
Calculate the remainder when 3084 is divided by 256.
12
What is the remainder when 533 is divided by 132?
5
What is the remainder when 4567 is divided by 206?
35
What is the remainder when 2223 is divided by 172?
159
Calculate the remainder when 5824 is divided by 242.
16
What is the remainder when 227749 is divided by 227742?
7
Calculate the remainder when 62278 is divided by 458.
448
Calculate the remainder when 4756 is divided by 28.
24
Calculate the remainder when 14796 is divided by 29.
6
Calculate the remainder when 48999 is divided by 107.
100
What is the remainder when 150518 is divided by 42?
32
What is the remainder when 32275 is divided by 10745?
40
Calculate the remainder when 498593 is divided by 124645.
13
What is the remainder when 42973 is divided by 69?
55
Calculate the remainder when 175421 is divided by 478.
473
What is the remainder when 96337 is divided by 1396?
13
Calculate the remainder when 4713 is divided by 27.
15
Calculate the remainder when 10930 is divided by 2178.
40
Calculate the remainder when 3515 is divided by 3504.
11
What is the remainder when 45905 is divided by 741?
704
What is the remainder when 24815 is divided by 318?
11
Calculate the remainder when 920904 is divided by 920897.
7
Calculate the remainder when 15006 is divided by 27.
21
Calculate the remainder when 7808 is divided by 485.
48
What is the remainder when 191376 is divided by 95682?
12
Calculate the remainder when 2089 is divided by 115.
19
What is the remainder when 7995 is divided by 120?
75
What is the remainder when 8558 is divided by 765?
143
What is the remainder when 1007 is divided by 44?
39
Calculate the remainder when 3495 is divided by 291.
3
Calculate the remainder when 91752 is divided by 113.
109
What is the remainder when 1031 is divided by 206?
1
Calculate the remainder when 18798 is divided by 1562.
54
Calculate the remainder when 36443 is divided by 3865.
1658
What is the remainder when 15557 is divided by 1476?
797
Calculate the remainder when 115564 is divided by 33.
31
Calculate the remainder when 40154 is divided by 10037.
6
What is the remainder when 5638 is divided by 282?
280
What is the remainder when 25949 is divided by 5?
4
Calculate the remainder when 30955 is divided by 35.
15
What is the remainder when 121 is divided by 38?
7
What is the remainder when 83358 is divided by 451?
374
Calculate the remainder when 121647 is divided by 34.
29
What is the remainder when 171100 is divided by 55?
50
Calculate the remainder when 28598 is divided by 3159.
167
What is the remainder when 9504 is divided by 116?
108
Calculate the remainder when 5168 is divided by 4939.
229
Calculate the remainder when 94411 is divided by 23595.
31
Calculate the remainder when 39498 is divided by 3289.
30
Calculate the remainder when 59091 is divided by 402.
399
Calculate the remainder when 48013 is divided by 511.
490
What is the remainder when 51237 is divided by 2227?
16
Calculate the remainder when 2530189 is divided by 7.
4
Calculate the remainder when 18176 is divided by 2589.
53
What is the remainder when 404331 is divided by 23784?
3
Calculate the remainder when 24354 is divided by 4.
2
What is the remainder when 2928682 is divided by 121?
119
What is the remainder when 4873 is divided by 965?
48
Calculate the remainder when 4766 is divided by 280.
6
What is the remainder when 2545 is divided by 637?
634
What is the remainder when 3258 is divided by 36?
18
What is the remainder when 485493 is divided by 9?
6
Calculate the remainder when 28805 is divided by 343.
336
Calculate the remainder when 1256891 is divided by 182.
181
What is the remainder when 11267 is divided by 67?
11
What is the remainder when 1722 is divided by 1721?
1
What is the remainder when 41459 is divided by 86?
7
What is the remainder when 2462 is divided by 18?
14
What is the remainder when 3531 is divided by 75?
6
What is the remainder when 44655 is divided by 217?
170
What is the remainder when 67772 is divided by 12?
8
Calculate the remainder when 781999 is divided by 26.
23
Calculate the remainder when 115765 is divided by 1754.
1
What is the remainder when 15629 is divided by 19?
11
What is the remainder when 332056 is divided by 91?
88
What is the remainder when 17382 is divided by 18?
12
Calculate the remainder when 125688 is divided by 17952.
24
What is the remainder when 142900 is divided by 102?
100
What is the remainder when 1782 is divided by 532?
186
Calculate the remainder when 4806 is divided by 1601.
3
Calculate the remainder when 6384 is divided by 802.
770
What is the remainder when 57075 is divided by 1194?
957
Calculate the remainder when 532942 is divided by 133235.
2
What is the remainder when 33003 is divided by 252?
243
What is the remainder when 208919 is divided by 11?
7
What is the remainder when 4256 is divided by 49?
42
Calculate the remainder when 34284 is 